et x be (-2)/(-19) + 4185/v. Let t(p) = p**2 + 11*p + 23. What is t(x)?
-5
Let k be 7*(-20)/(-7560)*9. Let i(p) be the third derivative of 0 + 33*p**2 + 0*p - 1/12*p**4 - k*p**3. Give i(-3).
5
Let d(x) = -x**3 - x**2 + x - 3. Let b = -35 + 44. Suppose -12*c = -3*c - b. Let t be 2 + c + -5 + 2. What is d(t)?
-3
Let x = 617 + -612. Let y(u) = u**3 - x - 760*u - 6*u**2 - 2*u**3 + 759*u. Determine y(-6).
1
Suppose 5*v + 0 - 20 = 0. Let j(l) be the second derivative of l**5/120 + l**4/12 + 6*l**3 - 21*l. Let w(y) be the second derivative of j(y). Give w(v).
6
Let m(o) be the first derivative of -13*o**3 + o**2 + o - 45. Let i = -739 - -738. Determine m(i).
-40
Let h(k) = k**2 + 3. Let u(b) = 150*b + 35. Let i be u(2). Suppose i = -3*z + 347. What is h(z)?
19
Let g be (-7)/(-21)*3 - 4. Let i(q) = 32*q - 5. Calculate i(g).
-101
Let v(x) = -2*x**2. Let g(w) = 7*w - 47. Let q be g(8). Suppose b = q*b - 8. Give v(b).
-2
Let i(n) = 5*n**2 + 26*n + 6. Suppose 101 - 2526 = 485*k. What is i(k)?
1
Suppose 6*n - 4*x = n + 626, 124 = n - 2*x. Suppose 0 = -8*t - 10*t + n. Let g(q) = -q + 3. Determine g(t).
-4
Suppose -5*u - 70 = 14*s - 10*s, 0 = 4*s + 20. Let o(p) = -p + 16 - 15 + 0*p. Determine o(u).
11
Let o(j) be the first derivative of j**2 + 24*j + 1259. Determine o(-10).
4
Let h(y) = y**2 - 8*y + 3. Let f = 16 - 8. Let a be (f/(-10))/((-1)/(-5)) + 5. Suppose a = -3*s + 19. Give h(s).
-9
Let p(m) = -m**2 - 74. Suppose 0 = 29*i + 3*i. What is p(i)?
-74
Let g(t) be the third derivative of t**5/10 + t**3/6 - t**2. Let v = 138 + -115. Suppose v - 28 = 5*k. Determine g(k).
7
Let m = -29918 - -29920. Let k(t) = -2*t + 6*t - 3 + 1. What is k(m)?
6
Let h(z) = -36*z**2 + 59*z - 36. Let u(r) = 13*r**2 - 19*r + 12. Let v(y) = -4*h(y) - 11*u(y). Give v(26).
-14
Let h(b) = b + 5. Let s(i) = 3*i + 9. Let l(w) = 5*h(w) - 2*s(w). Suppose 0 = 5*q + 10 - 45. Give l(q).
0
Let b(a) = a**3 - 8*a**2 + 2*a + 6. Let d(p) = -p**2 + 4*p + 76. Let i be d(11). Let x be (-5)/1 - (2 - -10)/i. Calculate b(x).
-29
Let q(o) be the third derivative of -o**5/20 - o**4/24 + o**3/6 + 3*o**2 + 27*o. Suppose -5*s + 2 = -3. Determine q(s).
-3
Let s = -2332 - -2329. Let r(w) = 2*w**2 + 10*w + 21. Determine r(s).
9
Let z(n) be the second derivative of -4*n**3/3 + n**2 + 151*n + 4. Give z(-4).
34
Let h(y) = -7*y**3 - 5*y**2 - 8*y - 15. Let u(r) = -6*r**3 - 5*r**2 - 7*r - 12. Let m(w) = -3*h(w) + 4*u(w). What is m(-3)?
45
Let j(o) be the third derivative of o**4/6 + 33*o**3/2 - 46*o**2 + 70*o. Determine j(-25).
-1
Let a(w) = w**3 + 6*w**2 + 4*w - 2. Let u be a(-5). Let g(o) = -o**2 - o**u - 7 + 4*o**2 + 2*o**2 + 25*o - 24*o. Give g(5).
-2
Let x = 26 + -20. Let f be (x - 1 - 4)*(-2 + 789). Let n(z) = -f + 4*z + 6*z**2 + z**3 - z**2 + 789. What is n(-5)?
-18
Suppose -39*n = -83*n + 43*n. Let y(u) be the first derivative of -u**3/3 + u**2/2 - 20. Determine y(n).
0
Let u be 1*(0 + 10) + (-46 - -43). Let t(d) = 8*d**2 - 4 - d - u*d + d - 9*d**2. Calculate t(-6).
2
Let j(o) = -o**2 + 4*o + 956. Let h be j(-29). Let q(x) be the first derivative of -x - 1 - 1/2*x**2 + 1/3*x**3. Determine q(h).
1
Let v(l) = -l**3 - 5*l**2 + 128*l + 523. Let f be v(-4). Let r(c) be the second derivative of c**3/2 + 3*c**2 + 2*c. Determine r(f).
-9
Let y(c) be the first derivative of -2*c**2 - 3*c + 454. Calculate y(-6).
21
Let c(o) = o**2 + 21*o + 1. Suppose -7*n - 121 - 39 = -13. What is c(n)?
1
Let f(w) = 5*w + 18. Let b be f(-7). Let v(l) = -5*l - 27. Let n(a) = 14*a + 79. Let p(t) = b*v(t) - 6*n(t). What is p(13)?
-2
Let s(x) = -x**2 + 20*x - 35. Let f(w) = w**2 - 20*w + 37. Let c(m) = -5*f(m) - 6*s(m). Calculate c(17).
-26
Let r = -266 + 272. Let n be ((-15)/3)/((-2)/30). Let j(k) = 76*k + 2 - 1 - n*k. Calculate j(r).
7
Suppose 0 = 3*v - 12, 23*n - 5*v + 14 = 20*n. Let j(u) be the first derivative of -13/4*u**4 + 13 + 0*u**3 - u - 1/2*u**n. What is j(-1)?
13
Let u(l) = 2*l**3 + 15*l**2 - 18*l - 91. Let z be u(-8). Let s(v) = v**2 + 28*v + 185. What is s(z)?
-2
Let c(a) = -644 + 5*a - 685 + 1268. Determine c(13).
4
Suppose -6*o + 5*o = 5*l + 2, -4*o + 5*l - 33 = 0. Let h be 5/10 - o/2. Let x(z) = z - h*z + 4*z. What is x(-2)?
-2
Let a(f) = -3*f**3 - 4*f**2 - 2. Let t be ((-17)/4 + 4)/(5 + (-413)/84). Give a(t).
43
Let f(r) = -r**3 - 38432*r**2 + 19206*r**2 - 21*r + 19216*r**2 - 6. Calculate f(-7).
-6
Let w(b) = -14*b - 122. Let i(x) = -12*x - 137. Let f(m) = -4*i(m) + 5*w(m). Calculate f(-4).
26
Let g(z) be the first derivative of -z + 1/2*z**2 - 4/3*z**3 + 90. Let s be 9/4 - (-2)/(-8). Give g(s).
-15
Let m(n) = -n**3 + n**2 + 12*n - 6. Suppose 0 = 2*w + x - 2, -5*x + 0 - 32 = -4*w. What is m(w)?
12
Let r(b) be the first derivative of -b**3/3 - b**2 + 2*b + 4. Suppose -8*t - 77 = -29. Give r(t).
-22
Let o(b) = 4*b**2 - 3*b. Let r(t) = -7*t**2 + 6*t. Let c(a) = -5*o(a) - 3*r(a). Let j be -70*(-2 + (-30)/(-25)). Let f = j - 52. Calculate c(f).
4
Suppose -79*b - 784 = 19*b. Let o(v) = 9*v**2 + 73*v + 1. Give o(b).
-7
Let i(u) = -u**2 + 36*u - 241. Let m be i(9). Let s = -16 - -18. Let h(d) = 4*d - d + 6*d**s - 5*d + 3 - 7*d**2. What is h(m)?
-5
Let h(f) = -f + 37. Let k(b) = -2*b + 56. Let s(m) = 3*h(m) - 2*k(m). Let g = 9 - 11. Determine s(g).
-3
Let r(u) = -u**2 + 3*u + 30. Let y be r(-4). Let m(n) = -9*n**3 - n**2 - 3*n + 1. Determine m(y).
-81
Let q(c) be the first derivative of c**2 - 3*c - 988. Suppose 4*o - 3 = 9. What is q(o)?
3
Let p(z) = 5*z**3 - 2*z - 1. Let m(f) = 8*f**3 + 55*f**2 + 23*f + 26. Let x(g) = m(g) - 2*p(g). Determine x(28).
0
Let i(a) = a**3 - 5*a**2 - 5*a + 3. Suppose b = 3*r + 20, b - r + 0*r = 10. Let m = -26 + 31. Suppose 25 = b*c - m. What is i(c)?
9
Let f(h) = 12 + 6*h - 22*h**2 + 11*h**2 + h**2 + h**3. Suppose -8 = 5*l - 53. Determine f(l).
-15
Suppose 8*m + 114 - 26 = 0. Let s(o) = -9*o - 97. Calculate s(m).
2
Let v(a) = -a - 5. Let y(u) = u**3 + 13*u**2 + 12*u + 19. Let q be y(-12). Let d = 86 - q. Let l = d - 71. Determine v(l).
-1
Let q(n) be the first derivative of -1/30*n**5 - 1/6*n**3 + 9/2*n**2 + 0*n - 20 - 1/8*n**4. Let w(h) be the second derivative of q(h). Give w(-3).
-10
Let m(s) = -5*s**2 + 4*s - 10. Let f(r) = -17*r**2 + 16*r - 31. Let p(u) = 2*f(u) - 7*m(u). Determine p(-7).
29
Suppose -137 - 15 = -4*x. Let u be (2/12 + x/60)*5. Let t(c) = -3*c + 6. Calculate t(u).
-6
Suppose -65*j + 70*j - 30 = 0. Let g(v) = -v + j*v + 1 - 4*v + 11*v. Calculate g(1).
13
Let x(d) be the second derivative of -d**4/12 - 7*d**3/3 + 97*d**2/2 - 82*d. Let h(u) be the first derivative of x(u). Determine h(-7).
0
Let g = 364 - 356. Suppose -g*q + 4 = 36. Let n(b) be the first derivative of -b**4/4 - 5*b**3/3 - b**2 + 5*b + 1. Determine n(q).
-3
Suppose -n - 4*s + 6*s = -9, 0 = -4*n + 4*s + 40. Let w(h) = h**2 - 12*h + 30. Calculate w(n).
19
Let m(h) = h**3 - 12*h**2 - h + 3. Let n be 8/10 - 40/50. Suppose -17*r - 57 + 261 = n. Determine m(r).
-9
Let d = -536 - -539. Let z(g) = 3*g**2 + 11 - d*g**2 - 9*g**3 + 18*g**3 - 8*g**3 - 6*g + 7*g**2. What is z(-8)?
-5
Suppose 5*p = 11 + 4. Suppose h + 1 = 4*i - 7, -4*i = -p*h. Let w(u) = -i*u**3 + 2*u**3 + 343*u**2 - 6*u + 3 - 336*u**2. What is w(6)?
3
Suppose -4*h - 3*q + 5 = 0, 4*q + 14 = 6*h - h. Suppose -h*u - 3*u - 5 = -c, c - u = -3. Let k(w) = w**3 + 6*w**2 + 5*w + 2. Calculate k(c).
2
Suppose -2*c + 8 = 22. Let s(p) = 2*p**2 + 5*p. Let b(n) = n**3 + 2*n**2 - 18*n - 7. Let k(w) = b(w) + 2*s(w). What is k(c)?
0
Let l be (-1)/(-4 + 9/3). Let v(h) = 2*h**3 + 40*h**2 + 32*h - 41. Let m be v(-19). Let j(s) = -m - 69 + 27*s**2 + s + 141. What is j(l)?
27
Let x(h) = -10*h**2 - 9*h + 11. Let c(m) = -3*m**2 - 3*m + 4. Let p(z) = -7*c(z) + 2*x(z). Suppose 5*i = -4*r - 45, 4*i - 4*r - r = 5. Determine p(i).
4
Let h(z) = z**3 - 7*z**2 + 8*z - 7. Let u = 22 + -80. Let v = u - -54. Let s be v/(((-2)/(-12))/((-20)/80)). Calculate h(s).
5
Suppose -7*j + 10 = 3. Let a(r) = -22*r**2 + 1 - 1 + 4 - 3. Calculate a(j).
-21
Let w(o) = 28*o - 47. Let y(a) = -17*a + 32. Let q(k) = 3*w(k) + 5*y(k). Let n = 0 + 0. What is q(n)?
19
Let h(p) be the first derivative of -1/2*p**2 + 2*p + 28. Suppose -i - 2 = 1. Determine h(i).
5
Let y(p) be the second derivative of 10/3*p**3 - 10*p**2 - 43*p + 0 + 1/6*p**4. Let g be y(-11). Let z(c) = c**3 - 2*c + 2. Give z(g).
6
Let y = 1 - 1. Let